reatest common divisor of 17746 and 13262?
38
What is the highest common factor of 15708226 and 11206?
862
Calculate the greatest common factor of 2415747171 and 219.
219
Calculate the greatest common factor of 1639339 and 91.
13
Calculate the greatest common factor of 82248 and 24112968.
3576
What is the greatest common factor of 192670157 and 1493?
1493
What is the highest common factor of 636461 and 95697?
1519
Calculate the greatest common divisor of 2130763 and 187.
17
What is the highest common factor of 1145034 and 396?
198
Calculate the highest common factor of 568 and 56476098.
142
Calculate the greatest common factor of 149132 and 572213.
1621
Calculate the highest common factor of 1075792991 and 245.
49
What is the greatest common factor of 484525 and 15325?
25
Calculate the highest common factor of 3907656 and 360.
72
Calculate the greatest common divisor of 1017081 and 543465.
117
Calculate the highest common divisor of 2286296 and 2312.
136
Calculate the highest common factor of 26826 and 315074.
526
What is the highest common divisor of 284386416 and 12?
12
What is the greatest common divisor of 403 and 8371961?
13
What is the greatest common divisor of 1793584 and 88400?
208
What is the highest common factor of 10016344 and 34632?
3848
What is the highest common factor of 2188108 and 52780?
1508
What is the highest common divisor of 9527068 and 1060?
212
Calculate the greatest common factor of 4725 and 24951825.
225
Calculate the greatest common divisor of 78 and 17411342.
26
Calculate the highest common factor of 38849 and 2959121.
733
What is the greatest common factor of 15486 and 642402?
534
What is the greatest common divisor of 870 and 129311580?
870
Calculate the greatest common divisor of 2115815538 and 8754.
8754
What is the highest common factor of 96849 and 50762?
17
What is the greatest common divisor of 3163134 and 758?
758
What is the highest common factor of 55660668 and 61740?
4116
Calculate the greatest common divisor of 1799 and 1184772827.
1799
Calculate the highest common divisor of 20803538 and 147.
49
Calculate the highest common factor of 82336 and 358980.
124
What is the greatest common divisor of 4061 and 421951?
131
What is the greatest common divisor of 280 and 13509240?
40
What is the highest common divisor of 140 and 538090?
70
Calculate the greatest common factor of 568 and 2223436.
284
Calculate the highest common divisor of 48075 and 161475.
75
What is the highest common divisor of 321954 and 11178?
138
What is the greatest common factor of 172952 and 74321?
13
What is the highest common divisor of 3092375 and 5709?
1903
Calculate the greatest common factor of 670755 and 60.
15
What is the greatest common factor of 15260 and 27054890?
1090
Calculate the greatest common factor of 133983207 and 27.
27
What is the greatest common divisor of 747 and 71131?
83
What is the greatest common factor of 27820292 and 52?
4
What is the highest common factor of 779787 and 1539?
81
What is the highest common divisor of 158564 and 2253804?
196
Calculate the highest common factor of 150 and 96108975.
75
Calculate the highest common factor of 4839114 and 582.
6
What is the highest common divisor of 713687 and 5730611?
4223
Calculate the highest common factor of 4316947250 and 925.
925
What is the greatest common divisor of 1257084 and 63?
9
Calculate the greatest common factor of 59082786 and 40698.
2142
What is the greatest common divisor of 119 and 2346408?
17
What is the highest common divisor of 795342 and 1917?
213
What is the highest common factor of 437376789 and 467?
467
What is the greatest common factor of 25741 and 97?
1
What is the highest common divisor of 310 and 1453217380?
310
What is the greatest common divisor of 6116 and 1519787775?
1529
What is the highest common divisor of 82717 and 1810?
181
What is the greatest common divisor of 14806025 and 91?
13
Calculate the greatest common divisor of 152196892 and 4.
4
Calculate the greatest common divisor of 175010871 and 681.
681
Calculate the highest common factor of 9222984 and 82419.
993
Calculate the highest common divisor of 92872 and 65128276.
3572
What is the greatest common divisor of 12460763 and 225575?
9023
Calculate the highest common factor of 64270 and 4990.
10
What is the greatest common factor of 144963 and 92001?
273
What is the highest common factor of 150770698 and 1828?
914
Calculate the greatest common factor of 752632 and 7.
1
Calculate the greatest common divisor of 20542 and 4159.
1
Calculate the greatest common divisor of 6941030 and 90.
10
Calculate the highest common divisor of 3632 and 563877080.
1816
What is the greatest common divisor of 17544659 and 3916?
979
Calculate the greatest common factor of 131848402 and 14.
14
Calculate the highest common factor of 485992 and 31096.
104
Calculate the highest common factor of 577920 and 30220.
20
Calculate the highest common divisor of 815238 and 954.
18
What is the highest common divisor of 1898130 and 2883?
93
Calculate the highest common factor of 26514920 and 3720.
1240
Calculate the highest common factor of 422368958 and 8546.
8546
What is the greatest common divisor of 644410 and 520?
130
What is the highest common factor of 4 and 1493464384?
4
Calculate the highest common divisor of 9785 and 1596500.
515
What is the highest common factor of 206455092 and 192?
12
What is the highest common factor of 16530338 and 308?
22
What is the highest common divisor of 355788037 and 4756?
1189
Calculate the highest common factor of 839440 and 18550.
70
Calculate the highest common factor of 150 and 16205340.
30
Calculate the greatest common divisor of 5253098 and 5492.
2746
Calculate the greatest common factor of 7056 and 218844.
36
Calculate the greatest common factor of 1334 and 906815181.
667
Calculate the highest common factor of 4949 and 144354.
49
What is the greatest common divisor of 42 and 9226938?
42
What is the greatest common factor of 215412 and 380685?
1857
Calculate the highest common factor of 13 and 2883490727.
13
What is the greatest common factor of 532 and 297178?
14
Calculate the highest common divisor of 25641 and 124209.
333
What is the highest common divisor of 10108 and 90211373?
2527
Calculate the highest common factor of 242 and 200476067.
121
Calculate the greatest common divisor of 915 and 315551170.
305
Calculate the greatest common divisor of 60622 and 34816.
34
Calculate the highest common divisor of 173202422 and 1436.
718
What is the greatest common factor of 133211 and 169?
13
What is the greatest common factor of 512957739 and 7?
7
What is the highest common factor of 28643845 and 4571?
653
Calculate the greatest common factor of 94094 and 3379376.
2002
Calculate the greatest common divisor of 256375 and 70.
35
Calculate the greatest common factor of 488106588 and 688.
172
What is the greatest common factor of 1125 and 139737600?
225
Calculate the highest common factor of 306 and 17646.
102
What is the greatest common divisor of 132108895 and 115?
115
Calculate the greatest common factor of 24587518 and 3561.
1187
What is the highest common divisor of 18407 and 662968?
79
Calculate the highest common divisor of 46054892 and 104.
52
What is the greatest common factor of 9726 and 177492?
6
What is the greatest common factor of 46 and 355308922?
46
Calculate the highest common factor of 116 and 495962756.
116
What is the highest common factor of 1261 and 5964045?
97
What is the highest common factor of 1584 and 59610672?
1584
What is the greatest common factor of 91260 and 10359180?
2340
Calculate the highest common factor of 15183 and 27153.
63
What is the highest common factor of 339948 and 40432228?
5396
What is the highest common divisor of 41701 and 549593?
187
What is the highest common divisor of 2 and 68003725?
1
What is the highest common divisor of 5384 and 930619016?
5384
What is the highest common factor of 81093906 and 92?
46
What is the greatest common divisor of 5568 and 59712?
192
What is the highest common factor of 568 and 5419217?
71
Calculate the highest common factor of 5591425 and 445.
445
What is the greatest common factor of 158868 and 28343228?
5884
What is the greatest common divisor of 25834934 and 24242?
782
What is the 